{"id":165,"date":"2021-03-10T16:12:00","date_gmt":"2021-03-10T16:12:00","guid":{"rendered":"https:\/\/calimeter.ma\/?page_id=165"},"modified":"2023-05-23T09:23:08","modified_gmt":"2023-05-23T09:23:08","slug":"conditions-et-modalites-de-la-verification-des-systemes-de-mesure-de-la-vitesse-moyenne","status":"publish","type":"page","link":"https:\/\/calimeter.ma\/?page_id=165","title":{"rendered":"Conditions et modalit\u00e9s de la v\u00e9rification des syst\u00e8mes de mesure de la vitesse moyenne"},"content":{"rendered":"","protected":false},"excerpt":{"rendered":"","protected":false},"author":1,"featured_media":0,"parent":0,"menu_order":0,"comment_status":"closed","ping_status":"closed","template":"","meta":[],"_links":{"self":[{"href":"https:\/\/calimeter.ma\/index.php?rest_route=\/wp\/v2\/pages\/165"}],"collection":[{"href":"https:\/\/calimeter.ma\/index.php?rest_route=\/wp\/v2\/pages"}],"about":[{"href":"https:\/\/calimeter.ma\/index.php?rest_route=\/wp\/v2\/types\/page"}],"author":[{"embeddable":true,"href":"https:\/\/calimeter.ma\/index.php?rest_route=\/wp\/v2\/users\/1"}],"replies":[{"embeddable":true,"href":"https:\/\/calimeter.ma\/index.php?rest_route=%2Fwp%2Fv2%2Fcomments&post=165"}],"version-history":[{"count":1,"href":"https:\/\/calimeter.ma\/index.php?rest_route=\/wp\/v2\/pages\/165\/revisions"}],"predecessor-version":[{"id":166,"href":"https:\/\/calimeter.ma\/index.php?rest_route=\/wp\/v2\/pages\/165\/revisions\/166"}],"wp:attachment":[{"href":"https:\/\/calimeter.ma\/index.php?rest_route=%2Fwp%2Fv2%2Fmedia&parent=165"}],"curies":[{"name":"wp","href":"https:\/\/api.w.org\/{rel}","templated":true}]}}